t is the greatest common factor of 13086 and 162?
18
What is the highest common factor of 12792 and 78936?
312
Calculate the greatest common factor of 3735 and 1575.
45
Calculate the highest common divisor of 6 and 2113854.
6
Calculate the greatest common divisor of 267 and 1056163.
89
What is the greatest common factor of 92 and 165324?
92
Calculate the highest common divisor of 265177 and 11.
11
What is the greatest common factor of 24 and 136638?
6
What is the greatest common divisor of 312 and 12180?
12
Calculate the greatest common factor of 34 and 9505414.
34
Calculate the highest common divisor of 18 and 7338042.
18
What is the greatest common divisor of 957 and 2310?
33
What is the greatest common factor of 133 and 2814622?
19
Calculate the greatest common factor of 90218 and 1422.
158
Calculate the highest common factor of 28184 and 10027.
271
Calculate the greatest common factor of 488741 and 628.
157
What is the highest common divisor of 34 and 87822?
34
Calculate the greatest common factor of 156848 and 16.
16
Calculate the greatest common factor of 187 and 914914.
11
Calculate the greatest common factor of 656 and 15908.
164
What is the greatest common divisor of 1536 and 18752?
64
What is the greatest common divisor of 98700 and 756?
84
Calculate the highest common divisor of 1747200 and 48.
48
What is the greatest common divisor of 9839465 and 5?
5
Calculate the greatest common divisor of 17826 and 30.
6
What is the greatest common factor of 162 and 5427?
81
What is the highest common factor of 90 and 295245?
45
What is the greatest common divisor of 11875 and 8125?
625
Calculate the highest common divisor of 342155 and 22.
11
Calculate the greatest common divisor of 191535 and 555.
15
What is the greatest common divisor of 3009 and 8673?
177
Calculate the greatest common divisor of 180620 and 220.
220
What is the greatest common factor of 28013 and 771?
257
Calculate the greatest common divisor of 134 and 25862.
134
Calculate the highest common factor of 31 and 1056263.
31
Calculate the highest common factor of 903133 and 21.
7
Calculate the highest common divisor of 367040 and 93.
31
Calculate the greatest common divisor of 9405957 and 3894.
1947
What is the greatest common divisor of 17172 and 221964?
636
What is the highest common divisor of 63365 and 115?
115
Calculate the highest common factor of 378373 and 92.
23
What is the greatest common factor of 3388 and 412?
4
What is the greatest common divisor of 296 and 5336?
8
Calculate the greatest common factor of 9401200 and 200.
200
What is the greatest common divisor of 1576 and 3283596?
788
What is the highest common factor of 14 and 17339?
7
Calculate the greatest common divisor of 12550 and 23594.
502
Calculate the greatest common factor of 3045 and 17951.
29
Calculate the highest common factor of 36 and 115047.
9
What is the highest common factor of 59460 and 54?
6
Calculate the highest common divisor of 383075 and 5.
5
What is the highest common divisor of 4644 and 3956?
172
What is the highest common divisor of 7779039 and 3246?
1623
What is the greatest common divisor of 2183 and 1062?
59
Calculate the highest common divisor of 2443 and 3339.
7
What is the highest common divisor of 1071 and 203?
7
What is the greatest common factor of 1317 and 27?
3
Calculate the greatest common factor of 271 and 69376.
271
Calculate the greatest common factor of 132 and 1263.
3
What is the highest common factor of 6 and 53202?
6
What is the greatest common divisor of 8 and 1754488?
8
Calculate the highest common factor of 45043 and 1147.
31
Calculate the highest common divisor of 118898 and 2754.
34
What is the greatest common factor of 1848 and 11352?
264
What is the highest common divisor of 243532 and 92178?
1138
What is the highest common divisor of 669 and 1325958?
669
Calculate the greatest common factor of 266 and 187397.
133
Calculate the greatest common divisor of 5120 and 185.
5
Calculate the greatest common factor of 4187 and 5451.
79
Calculate the greatest common divisor of 606 and 150.
6
Calculate the greatest common factor of 54149 and 939.
313
What is the highest common divisor of 563 and 1341629?
563
Calculate the highest common divisor of 560 and 423100.
20
Calculate the greatest common divisor of 17701 and 57671.
571
What is the highest common divisor of 1026174 and 6?
6
What is the greatest common factor of 78351 and 4459?
637
What is the greatest common factor of 10192 and 42679?
637
Calculate the greatest common divisor of 766480 and 1287.
143
Calculate the highest common factor of 2316616 and 8.
8
Calculate the greatest common divisor of 1204331 and 85.
17
Calculate the highest common factor of 808761 and 213.
213
What is the greatest common factor of 55 and 1058046?
11
What is the greatest common divisor of 4254747 and 529?
529
What is the highest common divisor of 2926672 and 392?
392
What is the greatest common factor of 153 and 209457?
153
Calculate the greatest common divisor of 1175 and 283175.
1175
Calculate the greatest common divisor of 39 and 539331.
39
Calculate the highest common divisor of 2995422 and 6.
6
What is the greatest common factor of 14213 and 16714?
61
Calculate the highest common divisor of 5269 and 63707.
479
Calculate the greatest common factor of 12782 and 2926.
154
Calculate the greatest common factor of 3073 and 28.
7
What is the highest common factor of 461450 and 242?
22
What is the highest common divisor of 15 and 213685?
5
What is the greatest common divisor of 3 and 61950?
3
Calculate the greatest common divisor of 8148 and 392.
28
What is the highest common divisor of 196 and 732844?
196
What is the highest common factor of 37 and 88430?
37
Calculate the highest common divisor of 604 and 63571.
151
Calculate the greatest common factor of 19604 and 9164.
116
Calculate the highest common factor of 32 and 18768.
16
Calculate the greatest common divisor of 990 and 1507.
11
What is the highest common divisor of 228536 and 99?
11
Calculate the greatest common divisor of 12 and 4252812.
12
Calculate the highest common divisor of 7842170 and 35.
35
Calculate the highest common factor of 81290 and 110.
110
What is the highest common factor of 161 and 46437?
23
Calculate the highest common divisor of 29005 and 20.
5
What is the highest common divisor of 7 and 21982723?
7
What is the greatest common factor of 381 and 5277231?
381
What is the greatest common factor of 40 and 736660?
20
Calculate the greatest common divisor of 46011 and 861.
21
What is the greatest common divisor of 19475 and 410?
205
Calculate the highest common divisor of 96 and 1417632.
96
What is the highest common factor of 1425 and 361?
19
Calculate the highest common factor of 86060 and 1430.
130
Calculate the greatest common factor of 100 and 6406700.
100
Calculate the highest common divisor of 1065 and 8445.
15
What is the greatest common factor of 561 and 2193?
51
What is the highest common divisor of 63 and 717021?
9
What is the greatest common divisor of 875604 and 6288?
1572
What is the greatest common factor of 151311 and 279?
93
What is the greatest common divisor of 8394 and 42?
6
Calculate the highest common factor of 1189 and 74743.
41
Calculate the greatest common factor of 260 and 258115.
65
What is the greatest common factor of 115538 and 164?
82
Calculate the greatest common factor of 13596 and 7788.
132
What is the highest common divisor of 15472 and 196301?
967
Calculate the greatest common divisor of 7630 and 190.
10
What is the greatest common factor of 42138 and 90?
18
Calculate the greatest common factor of 26 and 937469.
13
Calculate the greatest common factor of 262356 and 24.
12
What is the greatest common divisor of 800 and 421900?
100
Calculate the greatest common factor of 2835 and 10745.
35
What is the greatest common factor of 358 and 1104788?
358
What is the greatest common factor of 81796 and 11856?
52
What is the greatest common divisor of 220 and 64920?
20
Calculate the greatest common factor of 4380 and 456177.
219
Calculate the highest common factor of 9 and 144621.
9
Calculate the highest common factor of 170 and 130560.
170
What is the highest common factor of 72106 and 124?
62
What is the greatest common factor of 439288 a